167 is divided by d?
22
Suppose -6 = x - 3*x. Suppose -2*p - m - x*m = -22, 21 = 2*p + 5*m. Let q = 3810 + -3805. What is the remainder when p is divided by q?
3
Let z(j) = -12*j**2 - 2*j + 1. Let i be z(1). Let m = -10 - i. Suppose m*h - 5*h = -56. Calculate the remainder when h is divided by 10.
8
Let n(s) = -s**2 + s - 35. Let g be n(0). What is the remainder when (-1)/2 - g/2 is divided by 7?
3
Suppose -4*j = -0*j - 56. Let o = -22 - j. What is the remainder when 46 is divided by o/10*50/(-15)?
10
Let n(s) = s**2 - s + 2. Let p be n(2). Suppose -4*d + 4*b = p, -2*d = -b - 2*b. Let c(l) = -l**2 - 3*l + 1. What is the remainder when 1 is divided by c(d)?
0
Let v be 4*-3*5/(-15). Let m(o) = 30*o + 1. What is the remainder when m(2) is divided by (-3)/((-6)/56) + v?
29
Suppose 0*u = 2*u + 6, -2*z + 251 = -5*u. Let m = z - 68. Let s(r) = r**2 + 3*r - 5. What is the remainder when m is divided by s(-6)?
11
Suppose 3*l = 5*w + 295, -l = -3*l + 4*w + 200. Suppose -4*j + 9*j = l. What is the remainder when 34 is divided by j?
16
Let b(p) = p**2 - p + 3. Let o be b(0). Suppose -5*f + 21 + 107 = -t, -3*f - o*t = -66. What is the remainder when 67 is divided by f?
17
Let h(v) = 2*v**2 - 13*v + 25. Let o = 39 - 25. Calculate the remainder when h(10) is divided by o.
11
Let j(c) = c + 31. Let f be j(-6). What is the remainder when 63 is divided by 19 + ((-15)/f)/((-2)/10)?
19
Let y(h) = -16*h + 33. Suppose 3*l + 18 = -3*f, 2*f + 29 = -4*l + 9. What is the remainder when y(l) is divided by 27?
16
Let y = 4 - -2. Suppose y*f = 2*f + 36. Suppose -7*w - 24 = -f*w. Calculate the remainder when 47 is divided by w.
11
Let y = 60 + 45. Suppose 0 = -3*j - 4*m + 47 + 27, 3*m - y = -5*j. What is the remainder when j is divided by (84/30)/((-2)/(-5))?
4
Let x = 59 - 33. Suppose 0*g = -5*o + 2*g + x, o - 16 = 4*g. Calculate the remainder when 23 is divided by (-18)/o*4/(-3).
5
Suppose -5*j + 1076 = 506. Calculate the remainder when j is divided by 46*(-2 - (-10)/4).
22
Suppose 17*d + 10 = 20*d - h, -20 = -4*h. Calculate the remainder when 33 is divided by d.
3
Let r = 168 + -164. Calculate the remainder when 81 is divided by r.
1
Calculate the remainder when 159 is divided by (-129)/(-4) - ((-11)/4)/(-11).
31
Let u = 10 - 9. Suppose u = 5*h + 21. Calculate the remainder when 4 - (0 + h + -1) is divided by 6.
3
Let c(n) = n**3 + 17*n**2 + n + 16. Let f be c(-17). Let z be (58/(-10))/(f/5). Suppose -5*o + z + 51 = 0. Calculate the remainder when 47 is divided by o.
15
Suppose q = -p + 6, -7*q + 2*q = -p - 18. Let a(f) = -18*f**2 - 12*f**3 + p*f + 2 + 9*f**2 + 5*f**2 + 3*f**2. What is the remainder when 40 is divided by a(-1)?
7
Suppose 5*k + 0 - 9 = 3*l, -4*k + 9 = -3*l. Suppose k = i + 7 - 37. Calculate the remainder when i is divided by 11.
8
Suppose 0 = -18*t + 794 + 34. Let z(o) = 8*o**3 - 2*o + 1. Let s be z(1). Suppose h - s = 5. Calculate the remainder when t is divided by h.
10
Let r(w) = w**3 + 82*w**2 + 81*w + 68. What is the remainder when r(-81) is divided by 18?
14
Suppose 5*s = 4*g - 5, -8 = -5*g + 5*s - 3. Let l(x) = 2*x + 0 - x + 2 + g. What is the remainder when 42 is divided by l(9)?
9
Let u(p) = 18*p - 4. Let s = 40 + -37. What is the remainder when u(s) is divided by 17?
16
Let o(i) = -2*i**2 - 26*i - 72. What is the remainder when 35 is divided by o(-7)?
11
Let v(z) be the third derivative of -z**4/12 + 4*z**3/3 + 18*z**2. Calculate the remainder when v(-19) is divided by 24.
22
Let l(j) = j**3 - 5*j**2 + 3. Let r be l(5). Suppose -r*u + 73 = -w - 73, 4*u = -3*w + 199. What is the remainder when u is divided by 13?
10
Let h(w) = -110*w - 840. Suppose -4*b + 3*p + 292 = -p, -2*p + 79 = b. Calculate the remainder when b is divided by h(-8).
35
Suppose 0 = -6*j + j. Let o = -6 + 11. Suppose -u = -o*r + u + 240, j = -r + 2*u + 40. What is the remainder when r is divided by 13?
11
Suppose -r + 0*p = 2*p + 2, -11 = r + 5*p. Suppose -5*b + 411 = r*z, 3*z - z - 205 = -3*b. Let g = 149 - z. What is the remainder when g is divided by 12?
9
Suppose 28*l - 372 = -3*l. Calculate the remainder when 128 is divided by l.
8
Suppose 46 = 6*s + 16. What is the remainder when 44 is divided by s?
4
Suppose -5*j = 30*m - 34*m + 413, -2*j = 2*m - 220. Suppose 54 = 3*u - u. What is the remainder when m is divided by u?
26
Suppose -3*a - 42 = -2*n + n, 4*n - 123 = 3*a. What is the remainder when n + 4/(-8)*4 is divided by ((-1)/(1/(-13)))/1?
12
Suppose 0 = -d - c + 136, 2*c = 5*d + 4*c - 680. Calculate the remainder when d is divided by 693/27 + 3 + (-4)/6.
24
Let m = 82 - 89. Let d = 32 + m. Calculate the remainder when 148 is divided by d.
23
Suppose 0 = 4*n + 20, n + 14 = 4*j - 35. What is the remainder when 702 is divided by j?
9
Let v be (0 + -1)/((-7)/(-56)). Let s(g) = g**3 + 9*g**2 + 9*g + 2. Let r be s(v). What is the remainder when r/(-3) - 0/1 is divided by 1?
0
Let j(p) = -13*p**3 - p**2 + 2*p + 2. Let c be -2*((-14)/(-4) + -3). Calculate the remainder when 23 is divided by j(c).
11
Suppose 3*j - 531 = 3*v, 0*j + 5*v = 3*j - 523. Suppose -5*f = 5*z - 220, 2*f - j = -2*f - 3*z. Calculate the remainder when 143 is divided by f.
45
Let w = 13 - 25. Let b be w/(-15)*(7 - -3). Let c = 18 - b. What is the remainder when c is divided by 3?
1
Let t = 488 - 475. What is the remainder when 50 is divided by t?
11
Let x(o) = o**3 - 6*o**2 + 18*o + 33. What is the remainder when x(9) is divided by 9?
6
Suppose x = 3*v + 36 - 10, -20 = -4*v. What is the remainder when 1188 is divided by x?
40
Let d(c) = c + 1. Let y be d(8). Let x = -7 + y. Suppose n + 4 = 6, -x*k = -5*n - 2. What is the remainder when 21 is divided by k?
3
Suppose -5*q = -5*x - 55, -4*x - 1 = -5*x. Suppose -q*n + 11*n + 38 = 0. Suppose -3*p + 4 = -n. Calculate the remainder when p is divided by 5.
4
Suppose 30 = w - 12. Let b(j) = 11*j**2 - 2*j - 2. What is the remainder when w is divided by b(-1)?
9
Let h(t) = -t**3 + t**2 + 11*t - 4. What is the remainder when 250 is divided by h(-4)?
26
Suppose 305 - 15 = 29*x. What is the remainder when 309 is divided by x?
9
Let p = 5 + 15. Let t(l) = 36*l + 1535. Calculate the remainder when t(-41) is divided by p.
19
Let v = 72 + -60. Suppose -v*d - 134 = -14*d. What is the remainder when d is divided by 304/9 + (-2)/(-9)?
33
Let m(p) = 2*p**3 + 31*p**2 + 14*p + 3. Let c(a) = a**2 - 3*a + 3. What is the remainder when c(7) is divided by m(-15)?
13
Calculate the remainder when 712 is divided by (-1 + -4 + -160)*(-2)/6.
52
Let n = 16 - -64. Suppose 122 = 4*r - 0*x + 2*x, 0 = -r + x + 23. What is the remainder when n is divided by r?
24
Calculate the remainder when 301 is divided by ((-38)/5)/(16/(-40)).
16
What is the remainder when 1593 is divided by 247/39 + (-2)/(-3)?
4
Suppose -4*l + 5*y = -26 + 6, 5*l = 3*y + 25. Suppose -4*x = -l*x + 24. Calculate the remainder when 71 is divided by x.
23
Suppose -3*m - 14 = -4*o - 2, 2*m = 0. Let r be -2*(-20)/(-16)*(1 - 15). Suppose -7 = -n - 2*u, u - r = -5*n - u. What is the remainder when n is divided by o?
1
Suppose q - 4*x - 15 = 0, q - x + 3*x = -3. Let v be (-5)/1 - (-36)/9. What is the remainder when (9 - (-1 - v)) + q is divided by 7?
5
Calculate the remainder when 30 is divided by 16*12/32*4/3.
6
Let z = -160 + 172. What is the remainder when 65 is divided by z?
5
Let s(z) = -140*z**3 + 2*z**2 - 3. What is the remainder when s(-1) is divided by 13?
9
Let f = -71 + 139. What is the remainder when f is divided by 1/2*30 - 1?
12
Let k(w) = -4*w**2 + 17*w + 27. Let i(t) = -6*t**2 + 26*t + 40. Let f(z) = 5*i(z) - 7*k(z). What is the remainder when 63 is divided by f(6)?
3
Let s(v) = -v**2 - 19*v + 23. What is the remainder when s(-14) is divided by 12?
9
Suppose 4*i + 32 - 8 = 0. Let d(l) = 5*l - 9. Let v(a) = a**2 - 6*a + 10. Let f(s) = 5*d(s) + 4*v(s). What is the remainder when f(i) is divided by 34?
31
Suppose -25*j - 11*j + 11952 = 0. What is the remainder when j is divided by 42?
38
Let l(y) = -8*y**3 - 6*y**2 - 3*y + 13. Calculate the remainder when l(-3) is divided by 37.
36
Let y(n) = -46*n - 53. What is the remainder when 115 is divided by y(-2)?
37
Let u(l) = -7*l**3 - 7*l**2 + 16*l + 12. Calculate the remainder when u(-6) is divided by 31.
29
Let z(m) = -m**2 + 56*m - 355. Calculate the remainder when 542